
List the prime factors of 49626.
2, 3, 919
What are the prime factors of 18422?
2, 61, 151
What are the prime factors of 13517?
7, 1931
What are the prime factors of 28159?
29, 971
List the prime factors of 17162.
2, 8581
What are the prime factors of 18843?
3, 11, 571
List the prime factors of 2970.
2, 3, 5, 11
What are the prime factors of 659?
659
What are the prime factors of 47347?
113, 419
List the prime factors of 976.
2, 61
What are the prime factors of 2088?
2, 3, 29
List the prime factors of 4788.
2, 3, 7, 19
What are the prime factors of 854?
2, 7, 61
What are the prime factors of 665?
5, 7, 19
What are the prime factors of 1227?
3, 409
List the prime factors of 1483.
1483
What are the prime factors of 2210?
2, 5, 13, 17
List the prime factors of 84263.
84263
List the prime factors of 17325.
3, 5, 7, 11
What are the prime factors of 5071?
11, 461
List the prime factors of 28867.
28867
List the prime factors of 2758.
2, 7, 197
What are the prime factors of 866?
2, 433
List the prime factors of 3036.
2, 3, 11, 23
List the prime factors of 27252.
2, 3, 757
List the prime factors of 126221.
113, 1117
List the prime factors of 1493.
1493
List the prime factors of 12113.
12113
What are the prime factors of 1190?
2, 5, 7, 17
List the prime factors of 2345.
5, 7, 67
What are the prime factors of 14981?
71, 211
What are the prime factors of 18901?
41, 461
What are the prime factors of 4837?
7, 691
List the prime factors of 7004.
2, 17, 103
What are the prime factors of 740?
2, 5, 37
What are the prime factors of 68904?
2, 3, 11, 29
List the prime factors of 42445.
5, 13, 653
What are the prime factors of 20886?
2, 3, 59
What are the prime factors of 385?
5, 7, 11
List the prime factors of 4512.
2, 3, 47
What are the prime factors of 4830?
2, 3, 5, 7, 23
What are the prime factors of 1581?
3, 17, 31
List the prime factors of 4738.
2, 23, 103
List the prime factors of 559.
13, 43
What are the prime factors of 2883?
3, 31
List the prime factors of 18230.
2, 5, 1823
What are the prime factors of 7536?
2, 3, 157
List the prime factors of 6895.
5, 7, 197
What are the prime factors of 8583?
3, 2861
What are the prime factors of 23761?
23761
What are the prime factors of 28965?
3, 5, 1931
What are the prime factors of 99391?
99391
What are the prime factors of 1070?
2, 5, 107
What are the prime factors of 1477?
7, 211
What are the prime factors of 2592?
2, 3
What are the prime factors of 20835?
3, 5, 463
What are the prime factors of 27253?
27253
List the prime factors of 6147.
3, 683
List the prime factors of 52577.
7, 29, 37
List the prime factors of 14008.
2, 17, 103
List the prime factors of 6142.
2, 37, 83
List the prime factors of 120897.
3, 7, 19, 101
What are the prime factors of 3401?
19, 179
List the prime factors of 54636.
2, 3, 29, 157
List the prime factors of 15042.
2, 3, 23, 109
What are the prime factors of 2235?
3, 5, 149
List the prime factors of 1715.
5, 7
List the prime factors of 56648.
2, 73, 97
List the prime factors of 954.
2, 3, 53
What are the prime factors of 1018?
2, 509
What are the prime factors of 39186?
2, 3, 7, 311
What are the prime factors of 4254?
2, 3, 709
What are the prime factors of 23499?
3, 7, 373
List the prime factors of 6842.
2, 11, 311
List the prime factors of 586.
2, 293
What are the prime factors of 27390?
2, 3, 5, 11, 83
What are the prime factors of 22820?
2, 5, 7, 163
What are the prime factors of 1257?
3, 419
List the prime factors of 1540.
2, 5, 7, 11
List the prime factors of 744.
2, 3, 31
List the prime factors of 1448.
2, 181
What are the prime factors of 3043?
17, 179
What are the prime factors of 237?
3, 79
What are the prime factors of 24159?
3, 8053
List the prime factors of 453.
3, 151
What are the prime factors of 1246?
2, 7, 89
What are the prime factors of 261?
3, 29
List the prime factors of 588.
2, 3, 7
What are the prime factors of 19062?
2, 3, 353
List the prime factors of 21413.
7, 19, 23
What are the prime factors of 17096?
2, 2137
List the prime factors of 1614.
2, 3, 269
What are the prime factors of 98177?
31, 3167
List the prime factors of 514.
2, 257
What are the prime factors of 1966?
2, 983
List the prime factors of 93161.
59, 1579
What are the prime factors of 1494?
2, 3, 83
What are the prime factors of 2239?
2239
What are the prime factors of 1316?
2, 7, 47
List the prime factors of 1935.
3, 5, 43
List the prime factors of 29817.
3, 3313
What are the prime factors of 672?
2, 3, 7
List the prime factors of 28126.
2, 7, 41
List the prime factors of 12477.
3, 4159
List the prime factors of 3206.
2, 7, 229
What are the prime factors of 4332?
2, 3, 19
What are the prime factors of 1158?
2, 3, 193
List the prime factors of 1544.
2, 193
What are the prime factors of 47942?
2, 23971
What are the prime factors of 658?
2, 7, 47
List the prime factors of 2960.
2, 5, 37
List the prime factors of 1593.
3, 59
What are the prime factors of 330?
2, 3, 5, 11
What are the prime factors of 16038?
2, 3, 11
List the prime factors of 14663.
11, 31, 43
What are the prime factors of 1407?
3, 7, 67
What are the prime factors of 46957?
46957
What are the prime factors of 5691?
3, 7, 271
What are the prime factors of 5198?
2, 23, 113
List the prime factors of 2646.
2, 3, 7
List the prime factors of 10647.
3, 7, 13
List the prime factors of 1261.
13, 97
List the prime factors of 9091.
9091
What are the prime factors of 122?
2, 61
What are the prime factors of 38?
2, 19
What are the prime factors of 16554?
2, 3, 31, 89
List the prime factors of 39490.
2, 5, 11, 359
List the prime factors of 14351.
113, 127
What are the prime factors of 3935?
5, 787
What are the prime factors of 97322?
2, 48661
List the prime factors of 67718.
2, 7, 691
List the prime factors of 1745.
5, 349
What are the prime factors of 5554?
2, 2777
What are the prime factors of 1673?
7, 239
What are the prime factors of 20123?
20123
List the prime factors of 486.
2, 3
What are the prime factors of 172?
2, 43
List the prime factors of 4236.
2, 3, 353
What are the prime factors of 7114?
2, 3557
List the prime factors of 58295.
5, 89, 131
What are the prime factors of 59650?
2, 5, 1193
List the prime factors of 29784.
2, 3, 17, 73
What are the prime factors of 43624?
2, 7, 19, 41
List the prime factors of 15745.
5, 47, 67
What are the prime factors of 1222?
2, 13, 47
What are the prime factors of 4011?
3, 7, 191
List the prime factors of 80104.
2, 17, 19, 31
List the prime factors of 4867.
31, 157
List the prime factors of 37.
37
List the prime factors of 1001.
7, 11, 13
What are the prime factors of 26413?
61, 433
List the prime factors of 40989.
3, 13, 1051
What are the prime factors of 54288?
2, 3, 13, 29
List the prime factors of 306.
2, 3, 17
What are the prime factors of 4154?
2, 31, 67
What are the prime factors of 9509?
37, 257
List the prime factors of 1499.
1499
List the prime factors of 199845.
3, 5, 4441
What are the prime factors of 56727?
3, 11, 191
What are the prime factors of 1296?
2, 3
List the prime factors of 2578.
2, 1289
List the prime factors of 79212.
2, 3, 7, 23, 41
What are the prime factors of 2388?
2, 3, 199
What are the prime factors of 2098?
2, 1049
List the prime factors of 53953.
163, 331
List the prime factors of 3784.
2, 11, 43
List the prime factors of 39735.
3, 5, 883
List the prime factors of 1895.
5, 379
What are the prime factors of 95157?
3, 97, 109
What are the prime factors of 634?
2, 317
List the prime factors of 4146.
2, 3, 691
What are the prime factors of 1747?
1747
What are the prime factors of 712?
2, 89
What are the prime factors of 1144?
2, 11, 13
List the prime factors of 23214.
2, 3, 53, 73
List the prime factors of 15110.
2, 5, 1511
List the prime factors of 1154.
2, 577
What are the prime factors of 1808?
2, 113
List the prime factors of 1145.
5, 229
What are the prime factors of 685?
5, 137
List the prime factors of 10799.
10799
List the prime factors of 80552.
2, 10069
List the prime factors of 987.
3, 7, 47
What are the prime factors of 4910?
2, 5, 491
What are the prime factors of 12762?
2, 3, 709
List the prime factors of 5638.
2, 2819
What are the prime factors of 55986?
2, 3, 7, 31, 43
What are the prime factors of 45349?
101, 449
List the prime factors of 4724.
2, 1